{"id":6810,"date":"2024-09-24T17:13:52","date_gmt":"2024-09-24T17:13:52","guid":{"rendered":"https:\/\/osmanoglumermer.com.tr\/?page_id=6810"},"modified":"2024-09-24T17:25:49","modified_gmt":"2024-09-24T17:25:49","slug":"iletisim","status":"publish","type":"page","link":"https:\/\/osmanoglumermer.com.tr\/?page_id=6810","title":{"rendered":"\u0130leti\u015fim"},"content":{"rendered":"\t\t<div data-elementor-type=\"wp-page\" data-elementor-id=\"6810\" class=\"elementor elementor-6810\">\n\t\t\t\t<div class=\"elementor-element elementor-element-0d19e5f e-grid e-con-boxed e-con e-parent\" data-id=\"0d19e5f\" data-element_type=\"container\">\n\t\t\t\t\t<div class=\"e-con-inner\">\n\t\t\t\t\t<\/div>\n\t\t\t\t<\/div>\n\t\t<div class=\"elementor-element elementor-element-7f0ebcb e-grid e-con-boxed e-con e-parent\" data-id=\"7f0ebcb\" data-element_type=\"container\">\n\t\t\t\t\t<div class=\"e-con-inner\">\n\t\t\t\t<div class=\"elementor-element elementor-element-6dd629e elementor-widget elementor-widget-google_maps\" data-id=\"6dd629e\" data-element_type=\"widget\" data-widget_type=\"google_maps.default\">\n\t\t\t\t<div class=\"elementor-widget-container\">\n\t\t\t\t\t<div class=\"elementor-custom-embed\">\n\t\t\t<iframe loading=\"lazy\"\n\t\t\t\t\tsrc=\"https:\/\/maps.google.com\/maps?q=Dede%20Korkut%20Mahallesi%2C%20%C4%B0lbey%20G%C3%BCne%C5%9F%20Caddesi%20No%3A116&#038;t=m&#038;z=13&#038;output=embed&#038;iwloc=near\"\n\t\t\t\t\ttitle=\"Dede Korkut Mahallesi, \u0130lbey G\u00fcne\u015f Caddesi No:116\"\n\t\t\t\t\taria-label=\"Dede Korkut Mahallesi, \u0130lbey G\u00fcne\u015f Caddesi No:116\"\n\t\t\t><\/iframe>\n\t\t<\/div>\n\t\t\t\t<\/div>\n\t\t\t\t<\/div>\n\t\t\t\t<div class=\"elementor-element elementor-element-1b8942b elementor-drop-cap-yes elementor-drop-cap-view-default elementor-widget elementor-widget-text-editor\" data-id=\"1b8942b\" data-element_type=\"widget\" data-settings=\"{&quot;drop_cap&quot;:&quot;yes&quot;}\" data-widget_type=\"text-editor.default\">\n\t\t\t\t<div class=\"elementor-widget-container\">\n\t\t\t\t\t\t\t<h3><strong>OSMANO\u011eLU MERMER AT\u00d6LYES\u0130<\/strong><br \/><strong>Z\u00fclfikar Tuncer &amp; Mahmut Tuncer<\/strong><\/h3><p>\ud83d\udccd <strong>Adres:<\/strong><br \/>Dede Korkut Mahallesi, \u0130lbey G\u00fcne\u015f Caddesi No:116, Adana<\/p><p>\ud83d\udcde <strong>Telefon:<\/strong><br \/>\ud83d\udce0 0322 322 63 70<\/p><p>\ud83d\udcf1 <strong>Mobil \u0130leti\u015fim:<\/strong><br \/>Z\u00fclfikar Tuncer: 0532 343 80 62<br \/>Mahmut Tuncer: 0532 723 07 58<\/p><p>\ud83d\udce7 <strong>E-posta:<\/strong><br \/><a rel=\"noopener\">info@osmanoglumermer.com.tr<\/a><\/p><p>\ud83c\udf10 <strong>Web:<\/strong><br \/><a href=\"http:\/\/www.osmanoglumermer.com.tr\" target=\"_new\" rel=\"noopener\">www.osmanoglumermer.com.tr<\/a><\/p>\t\t\t\t\t\t<\/div>\n\t\t\t\t<\/div>\n\t\t\t\t\t<\/div>\n\t\t\t\t<\/div>\n\t\t\t\t<\/div>\n\t\t","protected":false},"excerpt":{"rendered":"<p>OSMANO\u011eLU MERMER AT\u00d6LYES\u0130Z\u00fclfikar Tuncer &amp; Mahmut Tuncer &#x1f4cd; Adres:Dede Korkut Mahallesi, \u0130lbey G\u00fcne\u015f Caddesi No:116, Adana &#x1f4de; Telefon:&#x1f4e0; 0322 322 63 70 &#x1f4f1; Mobil \u0130leti\u015fim:Z\u00fclfikar Tuncer: 0532 343 80 62Mahmut Tuncer: 0532 723 07 58 &#x1f4e7; E-posta:info@osmanoglumermer.com.tr &#x1f310; Web:www.osmanoglumermer.com.tr<\/p>\n","protected":false},"author":1,"featured_media":0,"parent":0,"menu_order":0,"comment_status":"closed","ping_status":"closed","template":"","meta":{"_acf_changed":false,"_monsterinsights_skip_tracking":false,"_monsterinsights_sitenote_active":false,"_monsterinsights_sitenote_note":"","_monsterinsights_sitenote_category":0,"footnotes":""},"class_list":["post-6810","page","type-page","status-publish","hentry"],"acf":[],"yoast_head":"<!-- This site is optimized with the Yoast SEO plugin v23.5 - https:\/\/yoast.com\/wordpress\/plugins\/seo\/ -->\n<title>\u0130leti\u015fim - Adana Mermer<\/title>\n<meta name=\"robots\" content=\"index, follow, max-snippet:-1, max-image-preview:large, max-video-preview:-1\" \/>\n<link rel=\"canonical\" href=\"https:\/\/osmanoglumermer.com.tr\/?page_id=6810\" \/>\n<meta property=\"og:locale\" content=\"tr_TR\" \/>\n<meta property=\"og:type\" content=\"article\" \/>\n<meta property=\"og:title\" content=\"\u0130leti\u015fim - Adana Mermer\" \/>\n<meta property=\"og:description\" content=\"OSMANO\u011eLU MERMER AT\u00d6LYES\u0130Z\u00fclfikar Tuncer &amp; Mahmut Tuncer &#x1f4cd; Adres:Dede Korkut Mahallesi, \u0130lbey G\u00fcne\u015f Caddesi No:116, Adana &#x1f4de; Telefon:&#x1f4e0; 0322 322 63 70 &#x1f4f1; Mobil \u0130leti\u015fim:Z\u00fclfikar Tuncer: 0532 343 80 62Mahmut Tuncer: 0532 723 07 58 &#x1f4e7; E-posta:info@osmanoglumermer.com.tr &#x1f310; Web:www.osmanoglumermer.com.tr\" \/>\n<meta property=\"og:url\" content=\"https:\/\/osmanoglumermer.com.tr\/?page_id=6810\" \/>\n<meta property=\"og:site_name\" content=\"Adana Mermer\" \/>\n<meta property=\"article:modified_time\" content=\"2024-09-24T17:25:49+00:00\" \/>\n<meta name=\"twitter:card\" content=\"summary_large_image\" \/>\n<script type=\"application\/ld+json\" class=\"yoast-schema-graph\">{\"@context\":\"https:\/\/schema.org\",\"@graph\":[{\"@type\":\"WebPage\",\"@id\":\"https:\/\/osmanoglumermer.com.tr\/?page_id=6810\",\"url\":\"https:\/\/osmanoglumermer.com.tr\/?page_id=6810\",\"name\":\"\u0130leti\u015fim - Adana Mermer\",\"isPartOf\":{\"@id\":\"https:\/\/osmanoglumermer.com.tr\/#website\"},\"datePublished\":\"2024-09-24T17:13:52+00:00\",\"dateModified\":\"2024-09-24T17:25:49+00:00\",\"breadcrumb\":{\"@id\":\"https:\/\/osmanoglumermer.com.tr\/?page_id=6810#breadcrumb\"},\"inLanguage\":\"tr\",\"potentialAction\":[{\"@type\":\"ReadAction\",\"target\":[\"https:\/\/osmanoglumermer.com.tr\/?page_id=6810\"]}]},{\"@type\":\"BreadcrumbList\",\"@id\":\"https:\/\/osmanoglumermer.com.tr\/?page_id=6810#breadcrumb\",\"itemListElement\":[{\"@type\":\"ListItem\",\"position\":1,\"name\":\"Anasayfa\",\"item\":\"https:\/\/osmanoglumermer.com.tr\/\"},{\"@type\":\"ListItem\",\"position\":2,\"name\":\"\u0130leti\u015fim\"}]},{\"@type\":\"WebSite\",\"@id\":\"https:\/\/osmanoglumermer.com.tr\/#website\",\"url\":\"https:\/\/osmanoglumermer.com.tr\/\",\"name\":\"Adana Mermer\",\"description\":\"\",\"potentialAction\":[{\"@type\":\"SearchAction\",\"target\":{\"@type\":\"EntryPoint\",\"urlTemplate\":\"https:\/\/osmanoglumermer.com.tr\/?s={search_term_string}\"},\"query-input\":{\"@type\":\"PropertyValueSpecification\",\"valueRequired\":true,\"valueName\":\"search_term_string\"}}],\"inLanguage\":\"tr\"}]}<\/script>\n<!-- \/ Yoast SEO plugin. -->","yoast_head_json":{"title":"\u0130leti\u015fim - Adana Mermer","robots":{"index":"index","follow":"follow","max-snippet":"max-snippet:-1","max-image-preview":"max-image-preview:large","max-video-preview":"max-video-preview:-1"},"canonical":"https:\/\/osmanoglumermer.com.tr\/?page_id=6810","og_locale":"tr_TR","og_type":"article","og_title":"\u0130leti\u015fim - Adana Mermer","og_description":"OSMANO\u011eLU MERMER AT\u00d6LYES\u0130Z\u00fclfikar Tuncer &amp; Mahmut Tuncer &#x1f4cd; Adres:Dede Korkut Mahallesi, \u0130lbey G\u00fcne\u015f Caddesi No:116, Adana &#x1f4de; Telefon:&#x1f4e0; 0322 322 63 70 &#x1f4f1; Mobil \u0130leti\u015fim:Z\u00fclfikar Tuncer: 0532 343 80 62Mahmut Tuncer: 0532 723 07 58 &#x1f4e7; E-posta:info@osmanoglumermer.com.tr &#x1f310; Web:www.osmanoglumermer.com.tr","og_url":"https:\/\/osmanoglumermer.com.tr\/?page_id=6810","og_site_name":"Adana Mermer","article_modified_time":"2024-09-24T17:25:49+00:00","twitter_card":"summary_large_image","schema":{"@context":"https:\/\/schema.org","@graph":[{"@type":"WebPage","@id":"https:\/\/osmanoglumermer.com.tr\/?page_id=6810","url":"https:\/\/osmanoglumermer.com.tr\/?page_id=6810","name":"\u0130leti\u015fim - Adana Mermer","isPartOf":{"@id":"https:\/\/osmanoglumermer.com.tr\/#website"},"datePublished":"2024-09-24T17:13:52+00:00","dateModified":"2024-09-24T17:25:49+00:00","breadcrumb":{"@id":"https:\/\/osmanoglumermer.com.tr\/?page_id=6810#breadcrumb"},"inLanguage":"tr","potentialAction":[{"@type":"ReadAction","target":["https:\/\/osmanoglumermer.com.tr\/?page_id=6810"]}]},{"@type":"BreadcrumbList","@id":"https:\/\/osmanoglumermer.com.tr\/?page_id=6810#breadcrumb","itemListElement":[{"@type":"ListItem","position":1,"name":"Anasayfa","item":"https:\/\/osmanoglumermer.com.tr\/"},{"@type":"ListItem","position":2,"name":"\u0130leti\u015fim"}]},{"@type":"WebSite","@id":"https:\/\/osmanoglumermer.com.tr\/#website","url":"https:\/\/osmanoglumermer.com.tr\/","name":"Adana Mermer","description":"","potentialAction":[{"@type":"SearchAction","target":{"@type":"EntryPoint","urlTemplate":"https:\/\/osmanoglumermer.com.tr\/?s={search_term_string}"},"query-input":{"@type":"PropertyValueSpecification","valueRequired":true,"valueName":"search_term_string"}}],"inLanguage":"tr"}]}},"_links":{"self":[{"href":"https:\/\/osmanoglumermer.com.tr\/index.php?rest_route=\/wp\/v2\/pages\/6810"}],"collection":[{"href":"https:\/\/osmanoglumermer.com.tr\/index.php?rest_route=\/wp\/v2\/pages"}],"about":[{"href":"https:\/\/osmanoglumermer.com.tr\/index.php?rest_route=\/wp\/v2\/types\/page"}],"author":[{"embeddable":true,"href":"https:\/\/osmanoglumermer.com.tr\/index.php?rest_route=\/wp\/v2\/users\/1"}],"replies":[{"embeddable":true,"href":"https:\/\/osmanoglumermer.com.tr\/index.php?rest_route=%2Fwp%2Fv2%2Fcomments&post=6810"}],"version-history":[{"count":6,"href":"https:\/\/osmanoglumermer.com.tr\/index.php?rest_route=\/wp\/v2\/pages\/6810\/revisions"}],"predecessor-version":[{"id":6816,"href":"https:\/\/osmanoglumermer.com.tr\/index.php?rest_route=\/wp\/v2\/pages\/6810\/revisions\/6816"}],"wp:attachment":[{"href":"https:\/\/osmanoglumermer.com.tr\/index.php?rest_route=%2Fwp%2Fv2%2Fmedia&parent=6810"}],"curies":[{"name":"wp","href":"https:\/\/api.w.org\/{rel}","templated":true}]}}