{"id":6777,"date":"2024-09-24T14:25:40","date_gmt":"2024-09-24T14:25:40","guid":{"rendered":"https:\/\/osmanoglumermer.com.tr\/?page_id=6777"},"modified":"2024-09-24T14:27:43","modified_gmt":"2024-09-24T14:27:43","slug":"mutfak-tezgahi","status":"publish","type":"page","link":"https:\/\/osmanoglumermer.com.tr\/?page_id=6777","title":{"rendered":"Mutfak Tezgah\u0131"},"content":{"rendered":"\t\t<div data-elementor-type=\"wp-page\" data-elementor-id=\"6777\" class=\"elementor elementor-6777\">\n\t\t\t\t<div class=\"elementor-element elementor-element-1e18223a e-flex e-con-boxed e-con e-parent\" data-id=\"1e18223a\" data-element_type=\"container\">\n\t\t\t\t\t<div class=\"e-con-inner\">\n\t\t\t\t<div class=\"elementor-element elementor-element-1202694f elementor-widget elementor-widget-text-editor\" data-id=\"1202694f\" data-element_type=\"widget\" data-widget_type=\"text-editor.default\">\n\t\t\t\t<div class=\"elementor-widget-container\">\n\t\t\t\t\t\t\t<!-- wp:paragraph -->\n<p>Mutfaklar hayat\u0131m\u0131zda \u00e7ok \u00f6nemli bir yer edinmi\u015f durumda. Kullan\u0131\u015fl\u0131 olmas\u0131n\u0131n yan\u0131 s\u0131ra hijyenik ve modern olmas\u0131 gerekmektedir. Mutfaklar\u0131n\u0131zda \u015f\u0131k ve dekoratif dizaynda mutfak tezgahlar\u0131nda Mermer Tezgah\u0131, Granit Mutfak Tezgah\u0131 taleblerinizi hassas, titiz ve profesyonel ekip arkada\u015flar\u0131m\u0131zla \u00fcretip m\u00fc\u015fterilerimizin hizmetine sunmaktay\u0131z.<\/p>\n<!-- \/wp:paragraph -->\n\n<!-- wp:paragraph -->\n<p>Tecr\u00fcbemiz, gen\u00e7 ve yenilik\u00e7i yap\u0131m\u0131z, m\u00fc\u015fteri merkezli sistemlerin planlanmas\u0131, \u00fcretimi ve devreye al\u0131nmas\u0131 a\u015famas\u0131nda, lider firmalar aras\u0131nda yer almam\u0131z\u0131 sa\u011flam\u0131\u015ft\u0131r. Osmano\u011flu Mermer sahip oldu\u011fu bilgi ve tecr\u00fcbeleri, mermer, granit sekt\u00f6r\u00fc ba\u015fta olmak \u00fczere, hem sekt\u00f6rde olu\u015fan bo\u015flu\u011fu doldurmay\u0131 ve hem de firmalar\u0131n \u00e7a\u011f\u0131n gereklerine uygun olarak geli\u015fmesine yard\u0131mc\u0131 olmay\u0131 ama\u00e7 edinmi\u015ftir.<\/p>\n<!-- \/wp:paragraph -->\n\n<!-- wp:paragraph -->\n<p><\/p>\n<!-- \/wp:paragraph -->\t\t\t\t\t\t<\/div>\n\t\t\t\t<\/div>\n\t\t\t\t\t<\/div>\n\t\t\t\t<\/div>\n\t\t<div class=\"elementor-element elementor-element-49e4f30 e-grid e-con-boxed e-con e-parent\" data-id=\"49e4f30\" data-element_type=\"container\">\n\t\t\t\t\t<div class=\"e-con-inner\">\n\t\t\t\t<div class=\"elementor-element elementor-element-55a4879 elementor-widget elementor-widget-image\" data-id=\"55a4879\" data-element_type=\"widget\" data-widget_type=\"image.default\">\n\t\t\t\t<div class=\"elementor-widget-container\">\n\t\t\t\t\t\t\t\t\t\t\t\t\t<img fetchpriority=\"high\" decoding=\"async\" width=\"1920\" height=\"1080\" src=\"https:\/\/osmanoglumermer.com.tr\/wp-content\/uploads\/2024\/09\/yunus-mermer.jpg\" class=\"attachment-full size-full wp-image-6780\" alt=\"\" srcset=\"https:\/\/osmanoglumermer.com.tr\/wp-content\/uploads\/2024\/09\/yunus-mermer.jpg 1920w, https:\/\/osmanoglumermer.com.tr\/wp-content\/uploads\/2024\/09\/yunus-mermer-300x169.jpg 300w, https:\/\/osmanoglumermer.com.tr\/wp-content\/uploads\/2024\/09\/yunus-mermer-1024x576.jpg 1024w, https:\/\/osmanoglumermer.com.tr\/wp-content\/uploads\/2024\/09\/yunus-mermer-768x432.jpg 768w, https:\/\/osmanoglumermer.com.tr\/wp-content\/uploads\/2024\/09\/yunus-mermer-1536x864.jpg 1536w\" sizes=\"(max-width: 1920px) 100vw, 1920px\" \/>\t\t\t\t\t\t\t\t\t\t\t\t\t<\/div>\n\t\t\t\t<\/div>\n\t\t\t\t<div class=\"elementor-element elementor-element-d618496 elementor-widget elementor-widget-image\" data-id=\"d618496\" data-element_type=\"widget\" data-widget_type=\"image.default\">\n\t\t\t\t<div class=\"elementor-widget-container\">\n\t\t\t\t\t\t\t\t\t\t\t\t\t<img decoding=\"async\" width=\"1920\" height=\"1080\" src=\"https:\/\/osmanoglumermer.com.tr\/wp-content\/uploads\/2024\/09\/mutfak-tezgahi-mermer-cesitleri-1.jpg\" class=\"attachment-full size-full wp-image-6779\" alt=\"\" srcset=\"https:\/\/osmanoglumermer.com.tr\/wp-content\/uploads\/2024\/09\/mutfak-tezgahi-mermer-cesitleri-1.jpg 1920w, https:\/\/osmanoglumermer.com.tr\/wp-content\/uploads\/2024\/09\/mutfak-tezgahi-mermer-cesitleri-1-300x169.jpg 300w, https:\/\/osmanoglumermer.com.tr\/wp-content\/uploads\/2024\/09\/mutfak-tezgahi-mermer-cesitleri-1-1024x576.jpg 1024w, https:\/\/osmanoglumermer.com.tr\/wp-content\/uploads\/2024\/09\/mutfak-tezgahi-mermer-cesitleri-1-768x432.jpg 768w, https:\/\/osmanoglumermer.com.tr\/wp-content\/uploads\/2024\/09\/mutfak-tezgahi-mermer-cesitleri-1-1536x864.jpg 1536w\" sizes=\"(max-width: 1920px) 100vw, 1920px\" \/>\t\t\t\t\t\t\t\t\t\t\t\t\t<\/div>\n\t\t\t\t<\/div>\n\t\t\t\t\t<\/div>\n\t\t\t\t<\/div>\n\t\t\t\t<\/div>\n\t\t","protected":false},"excerpt":{"rendered":"<p>Mutfaklar hayat\u0131m\u0131zda \u00e7ok \u00f6nemli bir yer edinmi\u015f durumda. Kullan\u0131\u015fl\u0131 olmas\u0131n\u0131n yan\u0131 s\u0131ra hijyenik ve modern olmas\u0131 gerekmektedir. Mutfaklar\u0131n\u0131zda \u015f\u0131k ve dekoratif dizaynda mutfak tezgahlar\u0131nda Mermer Tezgah\u0131, Granit Mutfak Tezgah\u0131 taleblerinizi hassas, titiz ve profesyonel ekip arkada\u015flar\u0131m\u0131zla \u00fcretip m\u00fc\u015fterilerimizin hizmetine sunmaktay\u0131z. Tecr\u00fcbemiz, gen\u00e7 ve yenilik\u00e7i yap\u0131m\u0131z, m\u00fc\u015fteri merkezli sistemlerin planlanmas\u0131, \u00fcretimi ve devreye al\u0131nmas\u0131 a\u015famas\u0131nda, lider [&hellip;]<\/p>\n","protected":false},"author":1,"featured_media":0,"parent":0,"menu_order":0,"comment_status":"closed","ping_status":"closed","template":"","meta":{"_acf_changed":false,"_monsterinsights_skip_tracking":false,"_monsterinsights_sitenote_active":false,"_monsterinsights_sitenote_note":"","_monsterinsights_sitenote_category":0,"footnotes":""},"class_list":["post-6777","page","type-page","status-publish","hentry"],"acf":[],"yoast_head":"<!-- This site is optimized with the Yoast SEO plugin v23.5 - https:\/\/yoast.com\/wordpress\/plugins\/seo\/ -->\n<title>Mutfak Tezgah\u0131 - Adana Mermer<\/title>\n<meta name=\"robots\" content=\"index, follow, max-snippet:-1, max-image-preview:large, max-video-preview:-1\" \/>\n<link rel=\"canonical\" href=\"https:\/\/osmanoglumermer.com.tr\/?page_id=6777\" \/>\n<meta property=\"og:locale\" content=\"tr_TR\" \/>\n<meta property=\"og:type\" content=\"article\" \/>\n<meta property=\"og:title\" content=\"Mutfak Tezgah\u0131 - Adana Mermer\" \/>\n<meta property=\"og:description\" content=\"Mutfaklar hayat\u0131m\u0131zda \u00e7ok \u00f6nemli bir yer edinmi\u015f durumda. Kullan\u0131\u015fl\u0131 olmas\u0131n\u0131n yan\u0131 s\u0131ra hijyenik ve modern olmas\u0131 gerekmektedir. Mutfaklar\u0131n\u0131zda \u015f\u0131k ve dekoratif dizaynda mutfak tezgahlar\u0131nda Mermer Tezgah\u0131, Granit Mutfak Tezgah\u0131 taleblerinizi hassas, titiz ve profesyonel ekip arkada\u015flar\u0131m\u0131zla \u00fcretip m\u00fc\u015fterilerimizin hizmetine sunmaktay\u0131z. Tecr\u00fcbemiz, gen\u00e7 ve yenilik\u00e7i yap\u0131m\u0131z, m\u00fc\u015fteri merkezli sistemlerin planlanmas\u0131, \u00fcretimi ve devreye al\u0131nmas\u0131 a\u015famas\u0131nda, lider [&hellip;]\" \/>\n<meta property=\"og:url\" content=\"https:\/\/osmanoglumermer.com.tr\/?page_id=6777\" \/>\n<meta property=\"og:site_name\" content=\"Adana Mermer\" \/>\n<meta property=\"article:modified_time\" content=\"2024-09-24T14:27:43+00:00\" \/>\n<meta property=\"og:image\" content=\"http:\/\/osmanoglumermer.com.tr\/wp-content\/uploads\/2024\/09\/yunus-mermer.jpg\" \/>\n<meta name=\"twitter:card\" content=\"summary_large_image\" \/>\n<meta name=\"twitter:label1\" content=\"Tahmini okuma s\u00fcresi\" \/>\n\t<meta name=\"twitter:data1\" content=\"1 dakika\" \/>\n<script type=\"application\/ld+json\" class=\"yoast-schema-graph\">{\"@context\":\"https:\/\/schema.org\",\"@graph\":[{\"@type\":\"WebPage\",\"@id\":\"https:\/\/osmanoglumermer.com.tr\/?page_id=6777\",\"url\":\"https:\/\/osmanoglumermer.com.tr\/?page_id=6777\",\"name\":\"Mutfak Tezgah\u0131 - Adana Mermer\",\"isPartOf\":{\"@id\":\"https:\/\/osmanoglumermer.com.tr\/#website\"},\"primaryImageOfPage\":{\"@id\":\"https:\/\/osmanoglumermer.com.tr\/?page_id=6777#primaryimage\"},\"image\":{\"@id\":\"https:\/\/osmanoglumermer.com.tr\/?page_id=6777#primaryimage\"},\"thumbnailUrl\":\"http:\/\/osmanoglumermer.com.tr\/wp-content\/uploads\/2024\/09\/yunus-mermer.jpg\",\"datePublished\":\"2024-09-24T14:25:40+00:00\",\"dateModified\":\"2024-09-24T14:27:43+00:00\",\"breadcrumb\":{\"@id\":\"https:\/\/osmanoglumermer.com.tr\/?page_id=6777#breadcrumb\"},\"inLanguage\":\"tr\",\"potentialAction\":[{\"@type\":\"ReadAction\",\"target\":[\"https:\/\/osmanoglumermer.com.tr\/?page_id=6777\"]}]},{\"@type\":\"ImageObject\",\"inLanguage\":\"tr\",\"@id\":\"https:\/\/osmanoglumermer.com.tr\/?page_id=6777#primaryimage\",\"url\":\"http:\/\/osmanoglumermer.com.tr\/wp-content\/uploads\/2024\/09\/yunus-mermer.jpg\",\"contentUrl\":\"http:\/\/osmanoglumermer.com.tr\/wp-content\/uploads\/2024\/09\/yunus-mermer.jpg\"},{\"@type\":\"BreadcrumbList\",\"@id\":\"https:\/\/osmanoglumermer.com.tr\/?page_id=6777#breadcrumb\",\"itemListElement\":[{\"@type\":\"ListItem\",\"position\":1,\"name\":\"Anasayfa\",\"item\":\"https:\/\/osmanoglumermer.com.tr\/\"},{\"@type\":\"ListItem\",\"position\":2,\"name\":\"Mutfak Tezgah\u0131\"}]},{\"@type\":\"WebSite\",\"@id\":\"https:\/\/osmanoglumermer.com.tr\/#website\",\"url\":\"https:\/\/osmanoglumermer.com.tr\/\",\"name\":\"Adana Mermer\",\"description\":\"\",\"potentialAction\":[{\"@type\":\"SearchAction\",\"target\":{\"@type\":\"EntryPoint\",\"urlTemplate\":\"https:\/\/osmanoglumermer.com.tr\/?s={search_term_string}\"},\"query-input\":{\"@type\":\"PropertyValueSpecification\",\"valueRequired\":true,\"valueName\":\"search_term_string\"}}],\"inLanguage\":\"tr\"}]}<\/script>\n<!-- \/ Yoast SEO plugin. -->","yoast_head_json":{"title":"Mutfak Tezgah\u0131 - Adana Mermer","robots":{"index":"index","follow":"follow","max-snippet":"max-snippet:-1","max-image-preview":"max-image-preview:large","max-video-preview":"max-video-preview:-1"},"canonical":"https:\/\/osmanoglumermer.com.tr\/?page_id=6777","og_locale":"tr_TR","og_type":"article","og_title":"Mutfak Tezgah\u0131 - Adana Mermer","og_description":"Mutfaklar hayat\u0131m\u0131zda \u00e7ok \u00f6nemli bir yer edinmi\u015f durumda. Kullan\u0131\u015fl\u0131 olmas\u0131n\u0131n yan\u0131 s\u0131ra hijyenik ve modern olmas\u0131 gerekmektedir. Mutfaklar\u0131n\u0131zda \u015f\u0131k ve dekoratif dizaynda mutfak tezgahlar\u0131nda Mermer Tezgah\u0131, Granit Mutfak Tezgah\u0131 taleblerinizi hassas, titiz ve profesyonel ekip arkada\u015flar\u0131m\u0131zla \u00fcretip m\u00fc\u015fterilerimizin hizmetine sunmaktay\u0131z. Tecr\u00fcbemiz, gen\u00e7 ve yenilik\u00e7i yap\u0131m\u0131z, m\u00fc\u015fteri merkezli sistemlerin planlanmas\u0131, \u00fcretimi ve devreye al\u0131nmas\u0131 a\u015famas\u0131nda, lider [&hellip;]","og_url":"https:\/\/osmanoglumermer.com.tr\/?page_id=6777","og_site_name":"Adana Mermer","article_modified_time":"2024-09-24T14:27:43+00:00","og_image":[{"url":"http:\/\/osmanoglumermer.com.tr\/wp-content\/uploads\/2024\/09\/yunus-mermer.jpg"}],"twitter_card":"summary_large_image","twitter_misc":{"Tahmini okuma s\u00fcresi":"1 dakika"},"schema":{"@context":"https:\/\/schema.org","@graph":[{"@type":"WebPage","@id":"https:\/\/osmanoglumermer.com.tr\/?page_id=6777","url":"https:\/\/osmanoglumermer.com.tr\/?page_id=6777","name":"Mutfak Tezgah\u0131 - Adana Mermer","isPartOf":{"@id":"https:\/\/osmanoglumermer.com.tr\/#website"},"primaryImageOfPage":{"@id":"https:\/\/osmanoglumermer.com.tr\/?page_id=6777#primaryimage"},"image":{"@id":"https:\/\/osmanoglumermer.com.tr\/?page_id=6777#primaryimage"},"thumbnailUrl":"http:\/\/osmanoglumermer.com.tr\/wp-content\/uploads\/2024\/09\/yunus-mermer.jpg","datePublished":"2024-09-24T14:25:40+00:00","dateModified":"2024-09-24T14:27:43+00:00","breadcrumb":{"@id":"https:\/\/osmanoglumermer.com.tr\/?page_id=6777#breadcrumb"},"inLanguage":"tr","potentialAction":[{"@type":"ReadAction","target":["https:\/\/osmanoglumermer.com.tr\/?page_id=6777"]}]},{"@type":"ImageObject","inLanguage":"tr","@id":"https:\/\/osmanoglumermer.com.tr\/?page_id=6777#primaryimage","url":"http:\/\/osmanoglumermer.com.tr\/wp-content\/uploads\/2024\/09\/yunus-mermer.jpg","contentUrl":"http:\/\/osmanoglumermer.com.tr\/wp-content\/uploads\/2024\/09\/yunus-mermer.jpg"},{"@type":"BreadcrumbList","@id":"https:\/\/osmanoglumermer.com.tr\/?page_id=6777#breadcrumb","itemListElement":[{"@type":"ListItem","position":1,"name":"Anasayfa","item":"https:\/\/osmanoglumermer.com.tr\/"},{"@type":"ListItem","position":2,"name":"Mutfak Tezgah\u0131"}]},{"@type":"WebSite","@id":"https:\/\/osmanoglumermer.com.tr\/#website","url":"https:\/\/osmanoglumermer.com.tr\/","name":"Adana Mermer","description":"","potentialAction":[{"@type":"SearchAction","target":{"@type":"EntryPoint","urlTemplate":"https:\/\/osmanoglumermer.com.tr\/?s={search_term_string}"},"query-input":{"@type":"PropertyValueSpecification","valueRequired":true,"valueName":"search_term_string"}}],"inLanguage":"tr"}]}},"_links":{"self":[{"href":"https:\/\/osmanoglumermer.com.tr\/index.php?rest_route=\/wp\/v2\/pages\/6777"}],"collection":[{"href":"https:\/\/osmanoglumermer.com.tr\/index.php?rest_route=\/wp\/v2\/pages"}],"about":[{"href":"https:\/\/osmanoglumermer.com.tr\/index.php?rest_route=\/wp\/v2\/types\/page"}],"author":[{"embeddable":true,"href":"https:\/\/osmanoglumermer.com.tr\/index.php?rest_route=\/wp\/v2\/users\/1"}],"replies":[{"embeddable":true,"href":"https:\/\/osmanoglumermer.com.tr\/index.php?rest_route=%2Fwp%2Fv2%2Fcomments&post=6777"}],"version-history":[{"count":4,"href":"https:\/\/osmanoglumermer.com.tr\/index.php?rest_route=\/wp\/v2\/pages\/6777\/revisions"}],"predecessor-version":[{"id":6784,"href":"https:\/\/osmanoglumermer.com.tr\/index.php?rest_route=\/wp\/v2\/pages\/6777\/revisions\/6784"}],"wp:attachment":[{"href":"https:\/\/osmanoglumermer.com.tr\/index.php?rest_route=%2Fwp%2Fv2%2Fmedia&parent=6777"}],"curies":[{"name":"wp","href":"https:\/\/api.w.org\/{rel}","templated":true}]}}